{"id":1351,"date":"2026-01-02T09:19:14","date_gmt":"2026-01-02T08:19:14","guid":{"rendered":"http:\/\/localhost:8888\/Wordpresserica\/?page_id=1351"},"modified":"2026-01-02T14:32:03","modified_gmt":"2026-01-02T13:32:03","slug":"il-mio-approccio-2","status":"publish","type":"page","link":"https:\/\/ericadicesarenutrizionista.com\/index.php\/il-mio-approccio-2\/","title":{"rendered":"Primavisita"},"content":{"rendered":"\t\t<div data-elementor-type=\"wp-post\" data-elementor-id=\"1351\" class=\"elementor elementor-1351\" data-elementor-post-type=\"page\">\n\t\t\t\t<div class=\"elementor-element elementor-element-4a2c704 e-con-full e-flex elementor-invisible e-con e-child\" data-id=\"4a2c704\" data-element_type=\"container\" data-e-type=\"container\" data-settings=\"{&quot;background_background&quot;:&quot;classic&quot;,&quot;animation&quot;:&quot;fadeInUp&quot;}\">\n\t\t<div class=\"elementor-element elementor-element-5e9fa2d e-con-full e-flex e-con e-child\" data-id=\"5e9fa2d\" data-element_type=\"container\" data-e-type=\"container\" data-settings=\"{&quot;background_background&quot;:&quot;classic&quot;}\">\n\t\t\t\t<div class=\"elementor-element elementor-element-a82ac18 elementor-widget elementor-widget-heading\" data-id=\"a82ac18\" data-element_type=\"widget\" data-e-type=\"widget\" data-widget_type=\"heading.default\">\n\t\t\t\t\t<h2 class=\"elementor-heading-title elementor-size-default\">LA VISITA<\/h2>\t\t\t\t<\/div>\n\t\t\t\t<div class=\"elementor-element elementor-element-b2f4285 elementor-widget elementor-widget-heading\" data-id=\"b2f4285\" data-element_type=\"widget\" data-e-type=\"widget\" data-widget_type=\"heading.default\">\n\t\t\t\t\t<h2 class=\"elementor-heading-title elementor-size-default\">La&nbsp;<b>PRIMA VISITA<\/b>&nbsp;\u00e8 di tipo conoscitivo, \u00e8 un momento fondamentale per l\u2019instaurarsi del rapporto empatico nutrizionista-paziente, ha una durata media all\u2019incirca di 1 ora. <br>Raccoglier\u00f2 tutte le informazioni necessarie riguardanti la storia&nbsp;clinica personale e familiare, annoter\u00f2 eventuali patologie e relative terapie in atto, l\u2019eventuale presenza di allergie e l\u2019assunzione di farmaci e\/o integratori. <br>Inoltre, chiacchiereremo del tuo stile di vita, delle abitudini alimentari, dei cibi che preferisci e di quelli che consumi di meno. Legger\u00f2 i tuoi referti medici pi\u00f9 recenti e discuteremo dei tuoi obiettivi. <br>Infine, se riterr\u00f2 opportuno, prender\u00f2 anche alcune misurazioni antropometriche per la valutazione&nbsp;dello stato nutrizionale attuale e per il monitoraggio dei progressi raggiunti nelle visite successive come: peso e\naltezza, principali circonferenze, calcolo del BMI (Indice di Massa Corporea).\nSulla base delle informazioni raccolte e sulla stima dei&nbsp;fabbisogni energetici e nutrizionali imposter\u00f2, nei giorni successivi alla visita, un piano nutrizionale personalizzato che concorderemo insieme in base alle tue esigenze e agli obiettivi da raggiungere e nel rispetto di eventuali patologie. Tale programma\nnutrizionale verr\u00e0 inviato via e-mail entro 5 giorni lavorativi.<br>Il programma nutrizionale personalizzato conterr\u00e0:<br> <br>\n\n<ul><li> Piano alimentare pensato per te <\/li>\n<li> Porzioni calcolate in base al tuo fabbisogno energetico e all\u2019obiettivo <\/li> \n<li>  Men\u00f9 settimanale stagionale elaborato in base ai tuoi gusti e necessit\u00e0 (pranzi al lavoro, altri componenti della famiglia\u2026) <\/li> \n<li>  Alcune ricette facili e veloci che potrai provare per inserire nelle tue abitudini <\/li> \n<li>  Suggerimenti per la spesa <\/li> <\/ul><br>Inoltre, ti offrir\u00f2 reperibilit\u00e0 via mail\/whatsapp per ogni dubbio, necessit\u00e0 o desiderio di condivisione.<br><br>\nPorta con te:<br><br>\n<ul>\n<li> Esami del sangue non pi\u00f9 vecchi di 12 mesi <\/li>\n<li> Eventuale referto medico inerente a patologie in corso <\/li>\n<li> Piano terapeutico o lista dei farmaci\/integratori assunti se in corso di terapia <\/li>\n<li> Eventuali diete alle quali ci si \u00e8 precedentemente sottoposti <\/li>\n<li> Il diario alimentare compilato per un minimo di 3 giorni <\/li>\n<\/ul>\n<br><\/h2>\t\t\t\t<\/div>\n\t\t\t\t<\/div>\n\t\t<div class=\"elementor-element elementor-element-48b3f6a e-flex e-con-boxed e-con e-child\" data-id=\"48b3f6a\" data-element_type=\"container\" data-e-type=\"container\">\n\t\t\t\t\t<div class=\"e-con-inner\">\n\t\t\t\t<div class=\"elementor-element elementor-element-ab9616a elementor-widget elementor-widget-image\" data-id=\"ab9616a\" data-element_type=\"widget\" data-e-type=\"widget\" data-widget_type=\"image.default\">\n\t\t\t\t\t\t\t\t\t\t\t\t\t\t\t<img fetchpriority=\"high\" decoding=\"async\" width=\"768\" height=\"512\" src=\"https:\/\/ericadicesarenutrizionista.com\/wp-content\/uploads\/2025\/09\/Chi-sono-1-768x512.webp\" class=\"attachment-medium_large size-medium_large wp-image-766\" alt=\"\" srcset=\"https:\/\/ericadicesarenutrizionista.com\/wp-content\/uploads\/2025\/09\/Chi-sono-1-768x512.webp 768w, https:\/\/ericadicesarenutrizionista.com\/wp-content\/uploads\/2025\/09\/Chi-sono-1-300x200.webp 300w, https:\/\/ericadicesarenutrizionista.com\/wp-content\/uploads\/2025\/09\/Chi-sono-1.webp 821w\" sizes=\"(max-width: 768px) 100vw, 768px\" \/>\t\t\t\t\t\t\t\t\t\t\t\t\t\t\t<\/div>\n\t\t\t\t\t<\/div>\n\t\t\t\t<\/div>\n\t\t\t\t<\/div>\n\t\t<div class=\"elementor-element elementor-element-c0c4759 e-con-full e-flex elementor-invisible e-con e-child\" data-id=\"c0c4759\" data-element_type=\"container\" data-e-type=\"container\" data-settings=\"{&quot;background_background&quot;:&quot;classic&quot;,&quot;animation&quot;:&quot;fadeInUp&quot;}\">\n\t\t<div class=\"elementor-element elementor-element-bcd3afd e-flex e-con-boxed e-con e-child\" data-id=\"bcd3afd\" data-element_type=\"container\" data-e-type=\"container\" data-settings=\"{&quot;background_background&quot;:&quot;classic&quot;}\">\n\t\t\t\t\t<div class=\"e-con-inner\">\n\t\t\t\t<div class=\"elementor-element elementor-element-904ff9d elementor-widget elementor-widget-heading\" data-id=\"904ff9d\" data-element_type=\"widget\" data-e-type=\"widget\" data-widget_type=\"heading.default\">\n\t\t\t\t\t<h2 class=\"elementor-heading-title elementor-size-default\">IL CONTROLLO<\/h2>\t\t\t\t<\/div>\n\t\t\t\t<div class=\"elementor-element elementor-element-89a4d54 elementor-widget elementor-widget-heading\" data-id=\"89a4d54\" data-element_type=\"widget\" data-e-type=\"widget\" data-widget_type=\"heading.default\">\n\t\t\t\t\t<h2 class=\"elementor-heading-title elementor-size-default\">Le&nbsp;<b>VISITE DI CONTROLLO<\/b>&nbsp;(circa 30 minuti) sono un\u2019occasione per aggiornarmi sul tuo percorso:&nbsp;tieni a portata di mano il tuo piano alimentare, le eventuali domande che ti sei appuntata, referti di visite o esami eseguiti e il diario alimentare (se richiesto).  Tutti questi dati serviranno a monitorare i progressi raggiunti, apportare eventuali modifiche al piano alimentare, rispondere alle domande, stabilire nuovi obbiettivi, rinforzare la motivazione, darti nuovi input e colorare con sempre pi\u00f9 sfumature questo tuo viaggio.&nbsp; Il primo controllo si svolger\u00e0 1 mese dopo l\u2019inizio del percorso nutrizionale, quelli successivi verranno stabiliti insieme in base alle esigenze della singola persona, all\u2019andamento e all\u2019adesione al programma nutrizionale.<br><br>Ricorda di portare con te: \n<ul>\n<li> La dieta con eventuali appunti o domande;<\/li>\n<li> Eventuali esami clinici eseguiti nel frattempo <\/li>\n<li> Il diario alimentare (se richiesto in precedenza); <\/li>\n<\/ul>\n<br><br><b>COSTI<\/b>:&nbsp;<br>Prima Visita Nutrizionale (1 ora): 80\u20ac&nbsp;<br>Prima Visita di Coppia (2 ore): 130\u20ac<br>Visite di controllo (30 min): 50\u20ac<br>Visite di controllo (60 min) se non ci vediamo da 6 o pi\u00f9 mesi: 65\u20ac<br><br>Le visite possono svolgersi in presenza presso gli studi\u2026 oppure online.<br>\n<br>Puoi prenotare le visite contattandomi direttamente via email  <a href=\"mailto:erica.dicesare@gmail.com\" style=\"color: #8bab98;font-weight: bold\">erica.dicesare@gmail.com<\/a> oppure compilando il <a href=\"https:\/\/ericadicesarenutrizionista.com\/index.php\/contatti\/\" style=\"color: #8bab98;font-weight: bold;text-decoration: underline\">modulo online<\/a>.<br><br>Le <b>VISITE ONLINE<\/b> si svolgono da remoto tramite Google Meet, Zoom, Skype o qualunque altra piattaforma ci permetta di fare una videochiamata. Potrai quindi rimanere comodamente a casa e confrontarti con me proprio come se fossimo in studio. Io ti seguir\u00f2 con lo stesso impegno dello studio privato ma con la comodit\u00e0 di casa tua (o di ovunque tu sia!).<br>Valuteremo le tue abitudini e lavoreremo insieme al raggiungimento dei tuoi obiettivi e di quelli che concorderemo. Sulla base delle informazioni raccolte e sulla stima dei fabbisogni energetici elaborer\u00f2 il tuo programma alimentare. <br>Scegli in base alle tue esigenze,&nbsp;il risultato sar\u00e0 lo stesso.<\/h2>\t\t\t\t<\/div>\n\t\t\t\t\t<\/div>\n\t\t\t\t<\/div>\n\t\t\t\t<\/div>\n\t\t\t\t<\/div>\n\t\t","protected":false},"excerpt":{"rendered":"<p>LA VISITA La&nbsp;PRIMA VISITA&nbsp;\u00e8 di tipo conoscitivo, \u00e8 un momento fondamentale per l\u2019instaurarsi del rapporto empatico nutrizionista-paziente, ha una durata media all\u2019incirca di 1 ora. Raccoglier\u00f2 tutte le informazioni necessarie riguardanti la storia&nbsp;clinica personale e familiare, annoter\u00f2 eventuali patologie e relative terapie in atto, l\u2019eventuale presenza di allergie e l\u2019assunzione di farmaci e\/o integratori. Inoltre, [&hellip;]<\/p>\n","protected":false},"author":1,"featured_media":0,"parent":0,"menu_order":0,"comment_status":"closed","ping_status":"closed","template":"","meta":{"footnotes":""},"class_list":["post-1351","page","type-page","status-publish","hentry"],"_links":{"self":[{"href":"https:\/\/ericadicesarenutrizionista.com\/index.php\/wp-json\/wp\/v2\/pages\/1351","targetHints":{"allow":["GET"]}}],"collection":[{"href":"https:\/\/ericadicesarenutrizionista.com\/index.php\/wp-json\/wp\/v2\/pages"}],"about":[{"href":"https:\/\/ericadicesarenutrizionista.com\/index.php\/wp-json\/wp\/v2\/types\/page"}],"author":[{"embeddable":true,"href":"https:\/\/ericadicesarenutrizionista.com\/index.php\/wp-json\/wp\/v2\/users\/1"}],"replies":[{"embeddable":true,"href":"https:\/\/ericadicesarenutrizionista.com\/index.php\/wp-json\/wp\/v2\/comments?post=1351"}],"version-history":[{"count":6,"href":"https:\/\/ericadicesarenutrizionista.com\/index.php\/wp-json\/wp\/v2\/pages\/1351\/revisions"}],"predecessor-version":[{"id":1475,"href":"https:\/\/ericadicesarenutrizionista.com\/index.php\/wp-json\/wp\/v2\/pages\/1351\/revisions\/1475"}],"wp:attachment":[{"href":"https:\/\/ericadicesarenutrizionista.com\/index.php\/wp-json\/wp\/v2\/media?parent=1351"}],"curies":[{"name":"wp","href":"https:\/\/api.w.org\/{rel}","templated":true}]}}